ulate the greatest common divisor of v and p.
4
Let a = 20 - 19. Let r be 12*(0/(-3) + a). Let p be -3 - (-2 - -1) - -50. What is the highest common divisor of p and r?
12
Suppose 0*g - 4*g = -28. Calculate the highest common divisor of g and 63.
7
Let y(g) = 25*g + 7. Let l be y(0). Let z = -91 - -147. What is the highest common factor of z and l?
7
Suppose -3*w + 5*w = 38. Let h = -24 + 47. Let j = 110 + h. Calculate the greatest common divisor of w and j.
19
Let l be (-1)/(3/(-6))*-2. Let n be 3 + l + 89/1. Calculate the highest common divisor of n and 11.
11
Suppose 2 = -2*g - 2, -3*g - 24 = -3*c. What is the greatest common divisor of c and 30?
6
Let t(o) = 3*o**2 + 6*o. Let u be t(7). What is the highest common divisor of u and 21?
21
Suppose -4*m = -4*q - 716, -4*q - 368 = -2*m - 0*m. Let r = m - 124. Calculate the highest common divisor of 20 and r.
10
Let i = -8 - -12. Suppose -l - 5*a = 4*l + 15, 5*l - 5*a = 35. Suppose -4*y + 2 = 3*z, y - 2*z + 4*z = -l. Calculate the highest common divisor of i and y.
2
Let m be 22/(-88) + 29/4. Calculate the greatest common divisor of 63 and m.
7
Suppose 20 = -5*o, 2*o + 2 + 11 = 5*c. Let x be (-2)/5 - (-34)/10. What is the highest common factor of x and c?
1
Suppose 0 = -2*r - 2*r + 80. Calculate the highest common factor of r and 4.
4
Let k be (-12)/(1 - (-2 - -5)). Suppose 37 - 7 = u. What is the highest common factor of u and k?
6
Let u(q) = 4*q**2 + 2*q - 1. Let c be u(2). Let f be 2 + 5/(-1) + c. Suppose -2*y + y + 42 = 4*w, 2*y + f = 2*w. What is the highest common divisor of w and 4?
2
Let k be ((-4)/(-6))/(9/(-54)). Let x be (k/(-6)*12)/2. Let n = 127 + -91. What is the highest common factor of x and n?
4
Suppose 21 = m - 9. Calculate the highest common factor of m and 15.
15
Let j = 172 - 117. What is the greatest common divisor of j and 5?
5
Let z(d) = 5*d**2 - 2*d - 3. Let q be z(-1). Calculate the highest common divisor of 28 and q.
4
Let u(f) be the second derivative of f**5/20 - f**4/6 - f**3 + 5*f**2/2 - f. Let n be u(5). Calculate the greatest common factor of 10 and n.
10
Let w be (3 - 0)/((-9)/6). Let x = w + 10. Calculate the greatest common divisor of 24 and x.
8
Suppose 8*f - 13*f + 740 = 0. Calculate the highest common factor of f and 37.
37
Let j be (-8)/10*15/(-6). Suppose j*y + y - 240 = 0. Calculate the greatest common divisor of y and 8.
8
Suppose 0 = 4*l - 0*l - 280. Suppose -3*i - 2*g + 46 = 0, -4*g - 48 = -3*i - i. Calculate the greatest common factor of l and i.
14
Let y be ((-2)/(-3))/((-32)/(-144)). Suppose -y*j = 2 - 56. Calculate the greatest common divisor of 126 and j.
18
Let s = 41 + -29. Calculate the highest common divisor of s and 4.
4
Suppose -2*b - 3*y + 0*y = -27, -5*b - y + 48 = 0. Calculate the greatest common factor of b and 9.
9
Let z be (-1)/(3 - (-104)/(-34)). Calculate the greatest common factor of z and 153.
17
Let a be (-28)/(-2) + -3 + -1. Calculate the highest common factor of a and 15.
5
Suppose 0 = -5*q + 5. What is the greatest common factor of q and 8?
1
Suppose -3*t = -480 + 30. Calculate the highest common divisor of 30 and t.
30
Let s(t) = 2*t - 2. Let b(u) = 1. Let n(a) = 3*b(a) + s(a). Let g be n(-2). Let q be ((-75)/2)/(g/4). Calculate the greatest common factor of q and 10.
10
Suppose -7 + 5 = y. Let t(z) = -1 - 3*z**3 - z + z**3 + 0*z + z**2. Let w be t(y). What is the greatest common factor of w and 14?
7
Suppose -10*u + 432 = 72. What is the greatest common factor of u and 60?
12
Let k(c) = 7*c**2 - c. Let o be k(-1). Let y = 8 + -6. Let r be (4 + o)*21/y. What is the highest common factor of r and 14?
14
Suppose 4*s - 323 = 13. Calculate the greatest common divisor of s and 28.
28
Let z = 8 - -8. Calculate the greatest common divisor of 176 and z.
16
Let i be 0 + (-4)/(4/(-21)). Suppose n - 106 = -1. Calculate the greatest common factor of n and i.
21
Suppose -4*o + 166 = -94. What is the highest common divisor of o and 26?
13
Let a(o) = -2*o**3 - 6*o**2 - 8*o - 30. Let q be a(-7). Calculate the greatest common factor of q and 38.
38
Suppose -242 = -p + 8. What is the highest common factor of p and 25?
25
Let b be (-412 - -1)*(-18)/27. Suppose 5*j + 7*d - 342 = 3*d, 0 = 4*j + 3*d - b. Calculate the greatest common factor of 14 and j.
14
Let m be (-7)/(-3)*(4 + -1). Calculate the greatest common divisor of m and 49.
7
Suppose 0 = 4*z + 2*j - 614, z - 4*z - 2*j = -461. Calculate the highest common factor of z and 17.
17
Let x be 8*(19 - -3 - 6). Calculate the highest common factor of 96 and x.
32
Let g = -28 + 44. Let n(b) = 40*b**2. Let f be n(-3). Suppose 24 = 4*w - f. What is the highest common divisor of w and g?
16
Let k be (-190)/(-8) + (-2)/(-8). Let q be (-2)/(-6) - (-424)/k. Let j(c) = 161*c**2 + 1. Let m be j(-1). What is the highest common factor of m and q?
18
Let u be -2*(27/(-2))/3. Let l = u + 3. What is the greatest common factor of 36 and l?
12
Let o(f) = -f + 17. Let r be o(-8). What is the highest common divisor of 275 and r?
25
Let x(d) = 8*d - d**3 - d**2 + 0*d**3 - 11*d - 5. Let r be x(-4). Calculate the greatest common divisor of 11 and r.
11
Let h be (14/35)/(1/10). What is the greatest common factor of 8 and h?
4
Let u(g) = 8*g - 1. Let h be u(2). Suppose -2*p = -4*r + r + 21, 4*p + h = 3*r. Let v = r - -47. Calculate the greatest common factor of 8 and v.
8
Let g = 54 - 85. Let i = g + 73. Let c(q) = 2*q**2 + 4*q - 2. Let a be c(-4). What is the greatest common divisor of i and a?
14
Suppose 4*x - 56 = -2*a, 2*x - x - 4*a + 4 = 0. Let r be x/8 + (-249)/(-2). What is the highest common factor of r and 18?
18
Let t be 9/(-12) + 33/12. Suppose -22 = -2*z + 5*l - l, -2*z + t*l + 22 = 0. What is the highest common divisor of z and 88?
11
Suppose -c + 116 = 3*c - o, 56 = 2*c - o. Calculate the highest common divisor of c and 6.
6
Let o(r) = -19*r + 3. Let f be o(-3). Let d = -275 - -287. What is the greatest common divisor of d and f?
12
Let p be (-2)/(-3) - (-20)/6. Suppose -4*q + 8 = -p*r, 2*q - 4*q + 3*r = -2. Suppose 0 = -q*x + 26 - 10. Calculate the highest common factor of 6 and x.
2
Suppose 0 = -5*i + 36 + 14. Suppose -6*l - 6 = -4*l. Let j be (-2 - (l + 2))*-2. Calculate the greatest common divisor of j and i.
2
Suppose 2*n - 3*n = -4. Let q be (-60)/(2*(-2)/n). What is the greatest common factor of 15 and q?
15
Let x(i) = i**2 - 4*i + 19. Let c be x(9). Let j(y) = y - 3. Let g be j(5). Suppose 0 = w - g*w + 8. What is the greatest common factor of w and c?
8
Let x be 222/8 + 2/8. Calculate the highest common divisor of x and 112.
28
Let b = 21 - 10. Suppose 0 = -4*i + 16 + 204. Calculate the greatest common divisor of b and i.
11
Let d(v) = -v**3 + 16*v**2 + 2*v - 6. Let o be d(16). What is the highest common divisor of o and 39?
13
Suppose 0 = -2*u + 1 + 7. Suppose -4*c = -0*c - 360. Suppose -2*n + 50 = 4*l, -c = -u*l + 4*n - 34. What is the highest common divisor of 26 and l?
13
Suppose -p = -22 - 52. What is the highest common factor of 37 and p?
37
Suppose -3*v + 7*v + 48 = 0. Let x = v - -140. Calculate the highest common divisor of 16 and x.
16
Suppose o + 4*o - 10 = 0. Suppose u - 15 = -o*j, -j + 0*u - 3*u = 0. What is the highest common factor of j and 72?
9
Suppose 2*g + 5*w = 50, 0 = 3*g - 0*w + 2*w - 86. Calculate the greatest common factor of 105 and g.
15
Let i be (5 - 3) + (10 - 0). Suppose -11*a + i*a - 9 = 0. Calculate the greatest common factor of a and 63.
9
Let i(p) = p**2 + p - 10. Let s be i(0). Let v be 4/(-2)*s/4. What is the greatest common divisor of v and 25?
5
Suppose 0*i + 32 = 2*i. What is the highest common factor of 4 and i?
4
Suppose -18*s + 17*s = -12. Suppose 2*b - 25 = 37. Let w be (-2 - -1 - 0) + b. What is the greatest common divisor of w and s?
6
Suppose -6*a + 2*a = -12. Let d(y) = 4*y + y**2 - 2*y**2 + y**2 - 3*y**3 + 2*y**2 + a. Let g be d(-2). What is the greatest common factor of 9 and g?
9
Let a = 61 + -25. Suppose 0*n + 3*n = a. Calculate the highest common divisor of 96 and n.
12
Let r = -10 - -12. Calculate the highest common divisor of 14 and r.
2
Let f(a) = -10*a + 7. Let u be f(-5). Calculate the greatest common divisor of 19 and u.
19
Let s be ((-1)/2)/(2/24). Let u be (171 - s/3) + 3. What is the highest common divisor of 22 and u?
22
Let w be 2